{"id":989,"date":"2023-10-31T14:32:58","date_gmt":"2023-10-31T11:32:58","guid":{"rendered":"http:\/\/huzuroglu.com\/?page_id=989"},"modified":"2023-10-31T14:32:58","modified_gmt":"2023-10-31T11:32:58","slug":"levha-yapistirma-grubu","status":"publish","type":"page","link":"http:\/\/huzuroglu.com\/?page_id=989","title":{"rendered":"Levha Yap\u0131\u015ft\u0131rma Grubu"},"content":{"rendered":"<p><b>Klimatherm Is\u0131 Yal\u0131t\u0131m Levha Yap\u0131\u015ft\u0131rma Harc\u0131 :<\/b>\u00a0Is\u0131 yal\u0131t\u0131m levhalar\u0131n y\u00fczeye yap\u0131\u015ft\u0131r\u0131lmas\u0131 amac\u0131yla kullan\u0131lan, TS EN 13566 standard\u0131 kapsam\u0131nda \u00fcretilen ve G i\u015faretlemesine sahip \u0131s\u0131 yal\u0131t\u0131m levhas\u0131 yap\u0131\u015ft\u0131rma harc\u0131d\u0131r. \u0130\u00e7 ve d\u0131\u015f cephelerde,br\u00fct beton, tu\u011fla, \u00e7imento bazl\u0131 s\u0131va, gaz beton gibi y\u00fczeylere uygulanacak \u0131s\u0131 yal\u0131t\u0131m i\u015flemlerinde XPS, EPS ve Ta\u015fy\u00fcn\u00fc levhalar\u0131n yap\u0131\u015ft\u0131r\u0131lmas\u0131nda kullan\u0131l\u0131r.<\/p>\n<p>&nbsp;<\/p>\n<p><b>\u00d6ZELL\u0130KLER\u0130<\/b><\/p>\n<p>&nbsp;<\/p>\n<ul>\n<li>Polistren, Eksrude polistren k\u00f6p\u00fck ve Ta\u015fy\u00fcn\u00fc Levhalar\u0131n y\u00fczeye mukavemetli bir \u015fekilde yap\u0131\u015fmas\u0131n\u0131 sa\u011flar.<\/li>\n<li>Y\u00fcksek su buhar\u0131 ge\u00e7irgenli\u011fine sahiptir.<\/li>\n<li>D\u00fc\u015f\u00fck su emme de\u011ferine sahiptir.<\/li>\n<li>\u00c7imento \/ Polimer uyumu sayesinde; m\u00fckemmel e\u011filme ve basma dayan\u0131m performans\u0131na sahiptir.<\/li>\n<li>Y\u00fcksek \u0131s\u0131 yal\u0131t\u0131m levhas\u0131na ve betona yap\u0131\u015fma mukavemetine sahiptir.<\/li>\n<li>Y\u00fcksek \u00e7al\u0131\u015fabilirlik sayesinde uygulama kolayl\u0131\u011f\u0131 sa\u011flar.<\/li>\n<\/ul>\n<p>&nbsp;<\/p>\n<p><b>UYGULAMA ALANI<\/b><\/p>\n<p>\u0130\u00e7 ve d\u0131\u015f cephelerde, br\u00fct beton, tu\u011fla, \u00e7imento bazl\u0131 s\u0131va, gaz beton gibi y\u00fczeylere uygulanacak \u0131s\u0131 yal\u0131t\u0131m i\u015flemlerinde XPS, EPS ve Ta\u015fy\u00fcn\u00fc levhalar\u0131n yap\u0131\u015ft\u0131r\u0131lmas\u0131nda kullan\u0131l\u0131r.<\/p>\n<p>&nbsp;<\/p>\n<p><b>TEKN\u0130K \u00d6ZELL\u0130KLER<\/b><\/p>\n<table border=\"0\">\n<tbody>\n<tr>\n<td><b>\u00d6ZELL\u0130KLER<\/b><\/td>\n<td><b>STANDART<\/b><\/td>\n<td><b>DE\u011eER<\/b><\/td>\n<\/tr>\n<tr>\n<td>Bo\u015fluklu Birim Hacim K\u00fctlesi ( kg\/m\u00b3)<\/td>\n<td>TS EN 1015-6<\/td>\n<td>\u2265 1000<\/td>\n<\/tr>\n<tr>\n<td>E\u011filme Mukavemeti ( N\/mm\u00b2)<\/td>\n<td>TS EN 1015-11<\/td>\n<td>\u2265 2<\/td>\n<\/tr>\n<tr>\n<td>Basma Mukavemeti\u00a0 ( N\/mm\u00b2)<\/td>\n<td>TS EN 1015-11<\/td>\n<td>\u2265 6<\/td>\n<\/tr>\n<tr>\n<td rowspan=\"2\">Alt Tabakaya Yap\u0131\u015fma Mukavemeti\u00a0 ( N\/mm\u00b2)<\/td>\n<td>TS EN 1015-11<\/td>\n<td>\u2265 0,5<\/td>\n<\/tr>\n<tr>\n<td>ETAG 004<\/td>\n<td>\u2265 0,25<\/td>\n<\/tr>\n<tr>\n<td rowspan=\"2\">Is\u0131 Yal\u0131t\u0131m Levhas\u0131na Yap\u0131\u015fma Mukavemeti\u00a0 ( N\/mm\u00b2)<\/td>\n<td>TS EN 13494<\/td>\n<td>\u2265 0,08<\/td>\n<\/tr>\n<tr>\n<td>ETAG 004<\/td>\n<td>\u2265 0,08<\/td>\n<\/tr>\n<tr>\n<td>Su Emme ( 30. dk. sonunda) De\u011feri (gr)<\/td>\n<td>TS EN 12808-5<\/td>\n<td>\u2264 5<\/td>\n<\/tr>\n<tr>\n<td>Su Emme ( 240. dk. sonunda) De\u011feri (gr)<\/td>\n<td>TS EN 12808-5<\/td>\n<td>\u2264 10<\/td>\n<\/tr>\n<tr>\n<td>Yang\u0131na Tepki S\u0131n\u0131f\u0131<\/td>\n<td>TS EN 13501-1<\/td>\n<td>A1<\/td>\n<\/tr>\n<\/tbody>\n<\/table>\n<p><b>\u00a0<i>Yukar\u0131daki bilgiler, 23\u00b0C \/ %50 nem ( laboratuvar ortam \u015fartlar\u0131) ortam ve uygulama s\u0131cakl\u0131\u011f\u0131nda ge\u00e7erlidir.<\/i><\/b><\/p>\n<p><b>\u00a0<\/b><\/p>\n<p><b>TS EN 13566 standard\u0131na uygundur.<\/b><\/p>\n<p><b>\u00a0<\/b><\/p>\n<p><b>Y\u00dcZEY HAZIRLI\u011eI<\/b><\/p>\n<p>Y\u00fczey d\u00fczg\u00fcn, sa\u011flam ve temiz olmal\u0131, her t\u00fcrl\u00fc kirlilikten ar\u0131nd\u0131r\u0131lmal\u0131d\u0131r. Alt s\u0131va, kaba s\u0131va uygulamas\u0131 sonras\u0131nda\u00a0 gerekli kuruma s\u00fcresi tamamland\u0131ktan sonra\u00a0 Klimatherm\u00a0 Levha Yap\u0131\u015ft\u0131rma Harc\u0131 uygulamas\u0131na ba\u015flan\u0131lmas\u0131 \u00f6nerilmektedir.\u00a0 Y\u00fczeydeki bozukluklar, Dyo Tamir Har\u00e7lar\u0131 ile en az 24 saat \u00f6ncesinden tamir edilmelidir. \u00c7ok g\u00f6zenekli y\u00fczeylerde y\u00fczey nemli kalacak \u015fekilde \u0131slat\u0131lmal\u0131d\u0131r.<\/p>\n<p>&nbsp;<\/p>\n<p><b>UYGULAMA<\/b><\/p>\n<ul>\n<li>Uygulama y\u00fczeyinin d\u00fczl\u00fc\u011f\u00fcne g\u00f6re \u00f6bekleme veya tarakl\u0131 mala y\u00f6ntemi ile yap\u0131\u015ft\u0131r\u0131c\u0131, levhaya uygulan\u0131r ve levha y\u00fczeye yap\u0131\u015ft\u0131r\u0131l\u0131r. E\u011fer uygulama y\u00fczeyi mastar\u0131nda de\u011filse, \u0131s\u0131 yal\u0131t\u0131m levhas\u0131n\u0131n kenarlar\u0131 boyunca \u00e7er\u00e7eve olacak \u015fekilde yap\u0131\u015ft\u0131r\u0131c\u0131 har\u00e7 s\u00fcr\u00fcld\u00fckten sonra orta k\u0131s\u0131mlara tam boy levhalarda 3 adet, kesilmi\u015f levhalarda ise levha boyutlar\u0131na g\u00f6re uygun say\u0131da \u00f6bek halinde yap\u0131\u015ft\u0131r\u0131c\u0131 uygulan\u0131r.<\/li>\n<li>Klimatherm \u0131s\u0131 yal\u0131t\u0131m sistem yap\u0131\u015ft\u0131r\u0131c\u0131s\u0131, levha y\u00fczeyinin en az %40\u2019\u0131na temas etmelidir. Y\u00fczey mastar\u0131nda ise yal\u0131t\u0131m levhas\u0131n\u0131n yap\u0131\u015ft\u0131r\u0131lacak y\u00fcz\u00fcn\u00fc tamamen kaplayacak \u015fekilde 10&#215;10 mm tarakl\u0131 mala ile Klimatherm Levha Yap\u0131\u015ft\u0131rma Harc\u0131 levhaya s\u00fcr\u00fclmelidir.<\/li>\n<li>Yal\u0131t\u0131m levhalar\u0131n\u0131n birle\u015fim yerlerine \u0131s\u0131 k\u00f6pr\u00fcs\u00fc ve ka\u00e7\u0131kl\u0131klara sebebiyet vermemek i\u00e7in yap\u0131\u015ft\u0131r\u0131c\u0131 levha kenarlar\u0131na bula\u015ft\u0131r\u0131lmamal\u0131d\u0131r. Yal\u0131t\u0131m levhalar\u0131 birbirine iyice yakla\u015ft\u0131r\u0131larak \u015fa\u015f\u0131rtmal\u0131 olarak yerle\u015ftirilmeli, bo\u015fluk b\u0131rak\u0131lmamal\u0131d\u0131r.<\/li>\n<li>Levhalar pencere alt ve \u00fcstleri ile kap\u0131 \u00fcstlerinde L \u015feklinde\u00a0 tam levhadan kesilmek sureti ile pencere ve kap\u0131 kenarlar\u0131nda yatayda ve d\u00fc\u015feyde derz olu\u015fumundan ka\u00e7\u0131n\u0131larak d\u00f6\u015fenir. Levhalar\u0131n d\u00fczg\u00fcn d\u00f6\u015fenmesine ve kenarlar\u0131n zedelenmemesine dikkat edilmelidir.<\/li>\n<li>Hasarl\u0131 ve \u00f6zellikle kenarlar\u0131 a\u015f\u0131nm\u0131\u015f levhalar kullan\u0131lmamal\u0131d\u0131r. Levhalar aras\u0131nda m\u00fcmk\u00fcn oldu\u011funca bo\u015fluk b\u0131rak\u0131lmamal\u0131d\u0131r.<\/li>\n<li>Yal\u0131t\u0131m levhalar\u0131n\u0131n aralar\u0131nda olu\u015fabilecek bo\u015fluklar, ayn\u0131 malzemeden kesilen par\u00e7alar ile kapat\u0131lmal\u0131d\u0131r. Farkl\u0131 bir madde, har\u00e7 vb. kullan\u0131lmas\u0131 asla \u00f6nerilmez.<\/li>\n<li>Hem yap\u0131\u015fmay\u0131, hem de levhalar\u0131n ayn\u0131 hizada olmas\u0131n\u0131 sa\u011flamak i\u00e7in yal\u0131t\u0131m levhalar\u0131na geni\u015f y\u00fczeyli d\u00fczg\u00fcn bir mastar ile vurulmal\u0131d\u0131r.<\/li>\n<li>Binalar\u0131n dilatasyon ile ayr\u0131lm\u0131\u015f b\u00f6lgelerinde hi\u00e7bir \u015fekilde yal\u0131t\u0131m sistemi devam ettirilmeyecektir. Bu b\u00f6lgelerde plastik esasl\u0131 donat\u0131 filesi takviyeli dilatasyon profili kullan\u0131lmal\u0131d\u0131r. Profil uygulamas\u0131 donat\u0131 filesi uygulamas\u0131ndan \u00f6nce yap\u0131lmal\u0131d\u0131r.<\/li>\n<li>Is\u0131 yal\u0131t\u0131m sisteminin arkas\u0131na suyun ge\u00e7mesi sonucu \u0131s\u0131 yal\u0131t\u0131m malzemesinin \u0131slanmas\u0131n\u0131 ve hasar g\u00f6rmesini \u00f6nlemek i\u00e7in, cephede a\u00e7\u0131k kalabilecek sa\u00e7ak, pencere ve kap\u0131 merkezleri, denizlikler, \u00e7at\u0131 sa\u00e7aklar\u0131 gibi riskli b\u00f6lgelerde esnek UV dayan\u0131ml\u0131 PU (poli\u00fcretan) mastikler veya su s\u0131zd\u0131rmazl\u0131k bantlar\u0131 ile ilave tedbirler al\u0131nmal\u0131d\u0131r.<\/li>\n<li>Mevcut binalarda ger\u00e7ekle\u015ftirilen \u0131s\u0131 yal\u0131t\u0131m uygulamalar\u0131nda olu\u015facak denizlik detaylar\u0131nda yal\u0131t\u0131m malzemesinin kal\u0131nl\u0131\u011f\u0131 da dikkate al\u0131narak binadaki denizlikler yenilenir veya denizlik uzatma profilleri kullan\u0131l\u0131r. Dilatasyon olan y\u00fczeylerde uygulaman\u0131n s\u00fcreklili\u011fi dilatasyon profilleri ile sa\u011flan\u0131r.<\/li>\n<li>Klimatherm Levha Yap\u0131\u015ft\u0131rma Harc\u0131 ile yap\u0131\u015ft\u0131r\u0131lan levhalar\u0131n \u00fczerine hava ko\u015fullar\u0131na da ba\u011fl\u0131 olarak 2 g\u00fcn sonra Klimatherm Is\u0131 Yal\u0131t\u0131m Levhas\u0131 S\u0131vama Harc\u0131 uygulanabilir.<\/li>\n<\/ul>\n<p>&nbsp;<\/p>\n<p><b>Sarfiyat Tablosu:<\/b><\/p>\n<table border=\"0\">\n<tbody>\n<tr>\n<td>\u00dcr\u00fcn Renk \/ Fiziksel \u00d6zellik<\/td>\n<td>Gri \/ Toz<\/td>\n<\/tr>\n<tr>\n<td>Kullan\u0131lacak su miktar\u0131\u00a0 (25 kg&#8217;l\u0131k ambalaj i\u00e7in)<\/td>\n<td>5,5-6,5 L<\/td>\n<\/tr>\n<tr>\n<td>T\u00fcketim\u00a0 EPS levhalar i\u00e7in<\/td>\n<td>4-6 kg\/ m\u00b2<\/td>\n<\/tr>\n<tr>\n<td>T\u00fcketim\u00a0 Ta\u015fy\u00fcn\u00fc levhalar i\u00e7in<\/td>\n<td>5,5 \u2013 6,5 kg\/ m\u00b2<\/td>\n<\/tr>\n<\/tbody>\n<\/table>\n<p><b><i>Yukar\u0131daki bilgiler, 23\u00b0C \/ %50 nem ( laboratuvar ortam \u015fartlar\u0131) ortam ve uygulama s\u0131cakl\u0131\u011f\u0131nda ge\u00e7erlidir.<\/i><\/b><\/p>\n<p><b>\u00a0<\/b><\/p>\n<p><b>Ortam \u015eartlar\u0131:<\/b>\u00a0Y\u00fczey s\u0131cakl\u0131\u011f\u0131n\u0131n +5\u00b0C ile +30 \u00b0C aras\u0131nda olmas\u0131na dikkat edilmelidir. \u00c7ok s\u0131cak havalarda ve \/veya \u00e7ok nemli havalarda ayr\u0131ca g\u00fcne\u015f alt\u0131nda olan y\u00fczeylerde ve don tehlikesi olan y\u00fczeylerde uygulama yap\u0131lmamas\u0131 \u00f6nerilir.<\/p>\n<p><b>Alet Temizli\u011fi:\u00a0<\/b>\u00a0Uygulama sonras\u0131 mala, kar\u0131\u015ft\u0131r\u0131c\u0131, kova su ile y\u0131kanabilir.<\/p>\n<p><b>\u00a0<\/b><\/p>\n<p><b>RAF \u00d6MR\u00dc<\/b><\/p>\n<p>Depolama ko\u015fullar\u0131na uyuldu\u011funda; kraft torbalarda, ambalaj a\u00e7\u0131lmadan \u00fcretim tarihinden itibaren 1 y\u0131ld\u0131r.<\/p>\n<p>&nbsp;<\/p>\n<p><b>DEPOLAMA<\/b><\/p>\n<p>A\u00e7\u0131lmam\u0131\u015f ambalaj\u0131nda, palet \u00fczerinde, kuru ve rutubetsiz ortamlarda stoklanmal\u0131, nem ve don tehlikesinden korunmal\u0131d\u0131r.<\/p>\n<p>&nbsp;<\/p>\n<p><b>AMBALAJ<\/b><\/p>\n<table border=\"1\">\n<tbody>\n<tr>\n<td>Ambalaj Tipi<\/td>\n<td>Kraft torba<\/td>\n<\/tr>\n<tr>\n<td>Ambalaj A\u011f\u0131rl\u0131\u011f\u0131<\/td>\n<td>0,084 gr<\/td>\n<\/tr>\n<tr>\n<td>Ambalaj + \u00dcr\u00fcn A\u011f\u0131rl\u0131\u011f\u0131<\/td>\n<td>25 kg<\/td>\n<\/tr>\n<tr>\n<td>Bask\u0131l\u0131 \/ Bask\u0131s\u0131z<\/td>\n<td>Bask\u0131l\u0131 ( DYO KLIMATHERM)<\/td>\n<\/tr>\n<tr>\n<td>Renk<\/td>\n<td>Mavi \/ Beyaz zemin \u00fczerine K\u0131rm\u0131z\u0131 \/ Mavi bask\u0131<\/td>\n<\/tr>\n<\/tbody>\n<\/table>\n","protected":false},"excerpt":{"rendered":"<p>Klimatherm Is\u0131 Yal\u0131t\u0131m Levha Yap\u0131\u015ft\u0131rma Harc\u0131 :\u00a0Is\u0131 yal\u0131t\u0131m levhalar\u0131n y\u00fczeye yap\u0131\u015ft\u0131r\u0131lmas\u0131 amac\u0131yla kullan\u0131lan, TS EN 13566 standard\u0131 kapsam\u0131nda \u00fcretilen ve G i\u015faretlemesine sahip \u0131s\u0131 yal\u0131t\u0131m levhas\u0131 yap\u0131\u015ft\u0131rma harc\u0131d\u0131r. \u0130\u00e7 ve d\u0131\u015f cephelerde,br\u00fct beton, tu\u011fla, \u00e7imento bazl\u0131 s\u0131va, gaz beton gibi y\u00fczeylere uygulanacak \u0131s\u0131 yal\u0131t\u0131m i\u015flemlerinde XPS, EPS ve Ta\u015fy\u00fcn\u00fc levhalar\u0131n yap\u0131\u015ft\u0131r\u0131lmas\u0131nda kullan\u0131l\u0131r. &nbsp; \u00d6ZELL\u0130KLER\u0130 &nbsp; [&hellip;]<\/p>\n","protected":false},"author":1,"featured_media":0,"parent":0,"menu_order":0,"comment_status":"closed","ping_status":"closed","template":"","meta":{"site-sidebar-layout":"default","site-content-layout":"","ast-site-content-layout":"default","site-content-style":"default","site-sidebar-style":"default","ast-global-header-display":"","ast-banner-title-visibility":"","ast-main-header-display":"","ast-hfb-above-header-display":"","ast-hfb-below-header-display":"","ast-hfb-mobile-header-display":"","site-post-title":"","ast-breadcrumbs-content":"","ast-featured-img":"","footer-sml-layout":"","theme-transparent-header-meta":"default","adv-header-id-meta":"","stick-header-meta":"","header-above-stick-meta":"","header-main-stick-meta":"","header-below-stick-meta":"","astra-migrate-meta-layouts":"set","ast-page-background-enabled":"default","ast-page-background-meta":{"desktop":{"background-color":"","background-image":"","background-repeat":"repeat","background-position":"center center","background-size":"auto","background-attachment":"scroll","background-type":"","background-media":"","overlay-type":"","overlay-color":"","overlay-opacity":"","overlay-gradient":""},"tablet":{"background-color":"","background-image":"","background-repeat":"repeat","background-position":"center center","background-size":"auto","background-attachment":"scroll","background-type":"","background-media":"","overlay-type":"","overlay-color":"","overlay-opacity":"","overlay-gradient":""},"mobile":{"background-color":"","background-image":"","background-repeat":"repeat","background-position":"center center","background-size":"auto","background-attachment":"scroll","background-type":"","background-media":"","overlay-type":"","overlay-color":"","overlay-opacity":"","overlay-gradient":""}},"ast-content-background-meta":{"desktop":{"background-color":"var(--ast-global-color-5)","background-image":"","background-repeat":"repeat","background-position":"center center","background-size":"auto","background-attachment":"scroll","background-type":"","background-media":"","overlay-type":"","overlay-color":"","overlay-opacity":"","overlay-gradient":""},"tablet":{"background-color":"var(--ast-global-color-5)","background-image":"","background-repeat":"repeat","background-position":"center center","background-size":"auto","background-attachment":"scroll","background-type":"","background-media":"","overlay-type":"","overlay-color":"","overlay-opacity":"","overlay-gradient":""},"mobile":{"background-color":"var(--ast-global-color-5)","background-image":"","background-repeat":"repeat","background-position":"center center","background-size":"auto","background-attachment":"scroll","background-type":"","background-media":"","overlay-type":"","overlay-color":"","overlay-opacity":"","overlay-gradient":""}},"footnotes":""},"class_list":["post-989","page","type-page","status-publish","hentry"],"_links":{"self":[{"href":"http:\/\/huzuroglu.com\/index.php?rest_route=\/wp\/v2\/pages\/989","targetHints":{"allow":["GET"]}}],"collection":[{"href":"http:\/\/huzuroglu.com\/index.php?rest_route=\/wp\/v2\/pages"}],"about":[{"href":"http:\/\/huzuroglu.com\/index.php?rest_route=\/wp\/v2\/types\/page"}],"author":[{"embeddable":true,"href":"http:\/\/huzuroglu.com\/index.php?rest_route=\/wp\/v2\/users\/1"}],"replies":[{"embeddable":true,"href":"http:\/\/huzuroglu.com\/index.php?rest_route=%2Fwp%2Fv2%2Fcomments&post=989"}],"version-history":[{"count":1,"href":"http:\/\/huzuroglu.com\/index.php?rest_route=\/wp\/v2\/pages\/989\/revisions"}],"predecessor-version":[{"id":990,"href":"http:\/\/huzuroglu.com\/index.php?rest_route=\/wp\/v2\/pages\/989\/revisions\/990"}],"wp:attachment":[{"href":"http:\/\/huzuroglu.com\/index.php?rest_route=%2Fwp%2Fv2%2Fmedia&parent=989"}],"curies":[{"name":"wp","href":"https:\/\/api.w.org\/{rel}","templated":true}]}}